{"id":167,"date":"2023-05-07T10:50:50","date_gmt":"2023-05-07T08:50:50","guid":{"rendered":"https:\/\/www.bergheidersee-ferien.de\/?page_id=167"},"modified":"2023-05-07T11:10:21","modified_gmt":"2023-05-07T09:10:21","slug":"flur-und-garderobe","status":"publish","type":"page","link":"https:\/\/www.bergheidersee-ferien.de\/index.php\/flur-und-garderobe\/","title":{"rendered":"Flur und Garderobe"},"content":{"rendered":"\n<figure class=\"wp-block-image size-large\"><img loading=\"lazy\" decoding=\"async\" width=\"768\" height=\"1024\" src=\"https:\/\/www.bergheidersee-ferien.de\/wp-content\/uploads\/2023\/05\/RegalFlurklein-768x1024.jpg\" alt=\"\" class=\"wp-image-171\" srcset=\"https:\/\/www.bergheidersee-ferien.de\/wp-content\/uploads\/2023\/05\/RegalFlurklein-768x1024.jpg 768w, https:\/\/www.bergheidersee-ferien.de\/wp-content\/uploads\/2023\/05\/RegalFlurklein-225x300.jpg 225w, https:\/\/www.bergheidersee-ferien.de\/wp-content\/uploads\/2023\/05\/RegalFlurklein-1152x1536.jpg 1152w, https:\/\/www.bergheidersee-ferien.de\/wp-content\/uploads\/2023\/05\/RegalFlurklein.jpg 1500w\" sizes=\"auto, (max-width: 767px) 89vw, (max-width: 1000px) 54vw, (max-width: 1071px) 543px, 580px\" \/><\/figure>\n\n\n<p>In diesem Flur gibt es ein praktisches Regal, auf dem man alles ablegen kann, was man aus der Hand legen m\u00f6chte, wenn man in das Haus kommt, wie z.B. Schl\u00fcssel, Portemonnaie oder Sonnenbrille. Dadurch ist man organisiert und hat immer alles griffbereit.<\/p>\n\n\n<figure class=\"wp-block-image size-large is-resized\"><img loading=\"lazy\" decoding=\"async\" src=\"https:\/\/www.bergheidersee-ferien.de\/wp-content\/uploads\/2023\/05\/Spiegelklein-768x1024.jpg\" alt=\"\" class=\"wp-image-172\" width=\"674\" height=\"898\" srcset=\"https:\/\/www.bergheidersee-ferien.de\/wp-content\/uploads\/2023\/05\/Spiegelklein-768x1024.jpg 768w, https:\/\/www.bergheidersee-ferien.de\/wp-content\/uploads\/2023\/05\/Spiegelklein-225x300.jpg 225w, https:\/\/www.bergheidersee-ferien.de\/wp-content\/uploads\/2023\/05\/Spiegelklein-1152x1536.jpg 1152w, https:\/\/www.bergheidersee-ferien.de\/wp-content\/uploads\/2023\/05\/Spiegelklein.jpg 1500w\" sizes=\"auto, (max-width: 674px) 100vw, 674px\" \/><\/figure>\n\n\n<p>Der gro\u00dfe Spiegel ist perfekt, um sich vor dem Verlassen des Hauses noch einmal zu checken und sicherzustellen, dass alles in Ordnung ist.<\/p>\n\n\n<figure class=\"wp-block-image size-large\"><img loading=\"lazy\" decoding=\"async\" width=\"768\" height=\"1024\" src=\"https:\/\/www.bergheidersee-ferien.de\/wp-content\/uploads\/2023\/05\/Garderobeklein-768x1024.jpg\" alt=\"\" class=\"wp-image-173\" srcset=\"https:\/\/www.bergheidersee-ferien.de\/wp-content\/uploads\/2023\/05\/Garderobeklein-768x1024.jpg 768w, https:\/\/www.bergheidersee-ferien.de\/wp-content\/uploads\/2023\/05\/Garderobeklein-225x300.jpg 225w, https:\/\/www.bergheidersee-ferien.de\/wp-content\/uploads\/2023\/05\/Garderobeklein-1152x1536.jpg 1152w, https:\/\/www.bergheidersee-ferien.de\/wp-content\/uploads\/2023\/05\/Garderobeklein.jpg 1500w\" sizes=\"auto, (max-width: 767px) 89vw, (max-width: 1000px) 54vw, (max-width: 1071px) 543px, 580px\" \/><\/figure>\n\n\n<p>Die Garderobe sorgt daf\u00fcr, dass Jacken und M\u00e4ntel ordentlich aufgeh\u00e4ngt werden und jederzeit griffbereit sind. Die Garderobe in diesem Flur ist modern und funktional und bietet ausreichend Platz f\u00fcr alle Kleidungsst\u00fccke.<\/p>","protected":false},"excerpt":{"rendered":"<p>In diesem Flur gibt es ein praktisches Regal, auf dem man alles ablegen kann, was man aus der Hand legen m\u00f6chte, wenn man in das Haus kommt, wie z.B. Schl\u00fcssel, Portemonnaie oder Sonnenbrille. Dadurch ist man organisiert und hat immer alles griffbereit. Der gro\u00dfe Spiegel ist perfekt, um sich vor dem Verlassen des Hauses noch &hellip; <\/p>\n<p class=\"link-more\"><a href=\"https:\/\/www.bergheidersee-ferien.de\/index.php\/flur-und-garderobe\/\" class=\"more-link\"><span class=\"screen-reader-text\">\u201eFlur und Garderobe\u201c<\/span> weiterlesen<\/a><\/p>\n","protected":false},"author":2,"featured_media":0,"parent":0,"menu_order":0,"comment_status":"closed","ping_status":"closed","template":"","meta":{"footnotes":""},"class_list":["post-167","page","type-page","status-publish","hentry"],"_links":{"self":[{"href":"https:\/\/www.bergheidersee-ferien.de\/index.php\/wp-json\/wp\/v2\/pages\/167","targetHints":{"allow":["GET"]}}],"collection":[{"href":"https:\/\/www.bergheidersee-ferien.de\/index.php\/wp-json\/wp\/v2\/pages"}],"about":[{"href":"https:\/\/www.bergheidersee-ferien.de\/index.php\/wp-json\/wp\/v2\/types\/page"}],"author":[{"embeddable":true,"href":"https:\/\/www.bergheidersee-ferien.de\/index.php\/wp-json\/wp\/v2\/users\/2"}],"replies":[{"embeddable":true,"href":"https:\/\/www.bergheidersee-ferien.de\/index.php\/wp-json\/wp\/v2\/comments?post=167"}],"version-history":[{"count":2,"href":"https:\/\/www.bergheidersee-ferien.de\/index.php\/wp-json\/wp\/v2\/pages\/167\/revisions"}],"predecessor-version":[{"id":174,"href":"https:\/\/www.bergheidersee-ferien.de\/index.php\/wp-json\/wp\/v2\/pages\/167\/revisions\/174"}],"wp:attachment":[{"href":"https:\/\/www.bergheidersee-ferien.de\/index.php\/wp-json\/wp\/v2\/media?parent=167"}],"curies":[{"name":"wp","href":"https:\/\/api.w.org\/{rel}","templated":true}]}}

<figure class="wp-block-image size-large"><img loading="lazy" decoding="async" width="768" height="1024" src="https://www.bergheidersee-ferien.de/wp-content/uploads/2023/05/RegalFlurklein-768x1024.jpg" alt="" class="wp-image-171" srcset="https://www.bergheidersee-ferien.de/wp-content/uploads/2023/05/RegalFlurklein-768x1024.jpg 768w, https://www.bergheidersee-ferien.de/wp-content/uploads/2023/05/RegalFlurklein-225x300.jpg 225w, https://www.bergheidersee-ferien.de/wp-content/uploads/2023/05/RegalFlurklein-1152x1536.jpg 1152w, https://www.bergheidersee-ferien.de/wp-content/uploads/2023/05/RegalFlurklein.jpg 1500w" sizes="auto, (max-width: 767px) 89vw, (max-width: 1000px) 54vw, (max-width: 1071px) 543px, 580px" /></figure>


<p>In diesem Flur gibt es ein praktisches Regal, auf dem man alles ablegen kann, was man aus der Hand legen möchte, wenn man in das Haus kommt, wie z.B. Schlüssel, Portemonnaie oder Sonnenbrille. Dadurch ist man organisiert und hat immer alles griffbereit.</p>


<figure class="wp-block-image size-large is-resized"><img loading="lazy" decoding="async" src="https://www.bergheidersee-ferien.de/wp-content/uploads/2023/05/Spiegelklein-768x1024.jpg" alt="" class="wp-image-172" width="674" height="898" srcset="https://www.bergheidersee-ferien.de/wp-content/uploads/2023/05/Spiegelklein-768x1024.jpg 768w, https://www.bergheidersee-ferien.de/wp-content/uploads/2023/05/Spiegelklein-225x300.jpg 225w, https://www.bergheidersee-ferien.de/wp-content/uploads/2023/05/Spiegelklein-1152x1536.jpg 1152w, https://www.bergheidersee-ferien.de/wp-content/uploads/2023/05/Spiegelklein.jpg 1500w" sizes="auto, (max-width: 674px) 100vw, 674px" /></figure>


<p>Der große Spiegel ist perfekt, um sich vor dem Verlassen des Hauses noch einmal zu checken und sicherzustellen, dass alles in Ordnung ist.</p>


<figure class="wp-block-image size-large"><img loading="lazy" decoding="async" width="768" height="1024" src="https://www.bergheidersee-ferien.de/wp-content/uploads/2023/05/Garderobeklein-768x1024.jpg" alt="" class="wp-image-173" srcset="https://www.bergheidersee-ferien.de/wp-content/uploads/2023/05/Garderobeklein-768x1024.jpg 768w, https://www.bergheidersee-ferien.de/wp-content/uploads/2023/05/Garderobeklein-225x300.jpg 225w, https://www.bergheidersee-ferien.de/wp-content/uploads/2023/05/Garderobeklein-1152x1536.jpg 1152w, https://www.bergheidersee-ferien.de/wp-content/uploads/2023/05/Garderobeklein.jpg 1500w" sizes="auto, (max-width: 767px) 89vw, (max-width: 1000px) 54vw, (max-width: 1071px) 543px, 580px" /></figure>


<p>Die Garderobe sorgt dafür, dass Jacken und Mäntel ordentlich aufgehängt werden und jederzeit griffbereit sind. Die Garderobe in diesem Flur ist modern und funktional und bietet ausreichend Platz für alle Kleidungsstücke.</p>

<p>In diesem Flur gibt es ein praktisches Regal, auf dem man alles ablegen kann, was man aus der Hand legen möchte, wenn man in das Haus kommt, wie z.B. Schlüssel, Portemonnaie oder Sonnenbrille. Dadurch ist man organisiert und hat immer alles griffbereit. Der große Spiegel ist perfekt, um sich vor dem Verlassen des Hauses noch &hellip; </p>
<p class="link-more"><a href="https://www.bergheidersee-ferien.de/index.php/flur-und-garderobe/" class="more-link"><span class="screen-reader-text">„Flur und Garderobe“</span> weiterlesen</a></p>
