{"id":22,"date":"2023-04-04T11:04:11","date_gmt":"2023-04-04T09:04:11","guid":{"rendered":"https:\/\/www.bergheidersee-ferien.de\/?page_id=22"},"modified":"2024-04-09T08:55:41","modified_gmt":"2024-04-09T06:55:41","slug":"ein-homepage-abschnitt","status":"publish","type":"page","link":"https:\/\/www.bergheidersee-ferien.de\/index.php\/ein-homepage-abschnitt\/","title":{"rendered":"Das Ferienhaus &#8211; Die Schlafzimmer"},"content":{"rendered":"\n<p><\/p>\n\n\n\n<p>Das Ferienhaus bietet zwei Schlafzimmer. <\/p>\n\n\n\n<p><strong>Schlafzimmer 1:<\/strong><\/p>\n\n\n\n<figure class=\"wp-block-image size-large\"><img loading=\"lazy\" decoding=\"async\" width=\"1024\" height=\"577\" src=\"https:\/\/www.bergheidersee-ferien.de\/wp-content\/uploads\/2023\/05\/Doppelbettkleinmit-Ablage-1024x577.jpg\" alt=\"\" class=\"wp-image-187\" srcset=\"https:\/\/www.bergheidersee-ferien.de\/wp-content\/uploads\/2023\/05\/Doppelbettkleinmit-Ablage-1024x577.jpg 1024w, https:\/\/www.bergheidersee-ferien.de\/wp-content\/uploads\/2023\/05\/Doppelbettkleinmit-Ablage-300x169.jpg 300w, https:\/\/www.bergheidersee-ferien.de\/wp-content\/uploads\/2023\/05\/Doppelbettkleinmit-Ablage-768x433.jpg 768w, https:\/\/www.bergheidersee-ferien.de\/wp-content\/uploads\/2023\/05\/Doppelbettkleinmit-Ablage-1536x866.jpg 1536w, https:\/\/www.bergheidersee-ferien.de\/wp-content\/uploads\/2023\/05\/Doppelbettkleinmit-Ablage-2048x1155.jpg 2048w\" sizes=\"auto, (max-width: 767px) 89vw, (max-width: 1000px) 54vw, (max-width: 1071px) 543px, 580px\" \/><\/figure>\n\n\n\n<p>Das Doppelbett ist mit bequemen Matratzen und gro\u00dfen Kopfkissen ausgestattet, um sicherzustellen, dass Sie eine erholsame Nacht haben werden.<\/p>\n\n\n\n<figure class=\"wp-block-image size-large\"><img loading=\"lazy\" decoding=\"async\" width=\"1024\" height=\"768\" src=\"https:\/\/www.bergheidersee-ferien.de\/wp-content\/uploads\/2023\/05\/BlickausdemFenster-1024x768.jpg\" alt=\"\" class=\"wp-image-133\" srcset=\"https:\/\/www.bergheidersee-ferien.de\/wp-content\/uploads\/2023\/05\/BlickausdemFenster-1024x768.jpg 1024w, https:\/\/www.bergheidersee-ferien.de\/wp-content\/uploads\/2023\/05\/BlickausdemFenster-300x225.jpg 300w, https:\/\/www.bergheidersee-ferien.de\/wp-content\/uploads\/2023\/05\/BlickausdemFenster-768x576.jpg 768w, https:\/\/www.bergheidersee-ferien.de\/wp-content\/uploads\/2023\/05\/BlickausdemFenster-1536x1152.jpg 1536w, https:\/\/www.bergheidersee-ferien.de\/wp-content\/uploads\/2023\/05\/BlickausdemFenster.jpg 1600w\" sizes=\"auto, (max-width: 767px) 89vw, (max-width: 1000px) 54vw, (max-width: 1071px) 543px, 580px\" \/><\/figure>\n\n\n\n<p>Alle Fenster sind mit einem M\u00fcckenschutzgitter ausgestattet, so dass Sie nachts mit offenem Fenster schlafen k\u00f6nnen, ohne Insekten ins Zimmer zu locken.<\/p>\n\n\n\n<figure class=\"wp-block-image size-large\"><img loading=\"lazy\" decoding=\"async\" width=\"1024\" height=\"1015\" src=\"https:\/\/www.bergheidersee-ferien.de\/wp-content\/uploads\/2023\/05\/Garderobe-Schlafzimmerklein-1024x1015.jpg\" alt=\"\" class=\"wp-image-128\" srcset=\"https:\/\/www.bergheidersee-ferien.de\/wp-content\/uploads\/2023\/05\/Garderobe-Schlafzimmerklein-1024x1015.jpg 1024w, https:\/\/www.bergheidersee-ferien.de\/wp-content\/uploads\/2023\/05\/Garderobe-Schlafzimmerklein-300x297.jpg 300w, https:\/\/www.bergheidersee-ferien.de\/wp-content\/uploads\/2023\/05\/Garderobe-Schlafzimmerklein-150x150.jpg 150w, https:\/\/www.bergheidersee-ferien.de\/wp-content\/uploads\/2023\/05\/Garderobe-Schlafzimmerklein-768x761.jpg 768w, https:\/\/www.bergheidersee-ferien.de\/wp-content\/uploads\/2023\/05\/Garderobe-Schlafzimmerklein-100x100.jpg 100w, https:\/\/www.bergheidersee-ferien.de\/wp-content\/uploads\/2023\/05\/Garderobe-Schlafzimmerklein.jpg 1364w\" sizes=\"auto, (max-width: 767px) 89vw, (max-width: 1000px) 54vw, (max-width: 1071px) 543px, 580px\" \/><\/figure>\n\n\n\n<p>Ein ger\u00e4umiges Regal steht bereit, um Ihre Kleidung und pers\u00f6nlichen Gegenst\u00e4nde aufzubewahren und Ordnung zu schaffen. Eine Garderobe mit vielen B\u00fcgeln steht ebenfalls zur Verf\u00fcgung, um Ihre Kleidung aufzuh\u00e4ngen.<\/p>\n\n\n\n<p><\/p>\n\n\n\n<p><strong>Schlafzimmer 2<\/strong><\/p>\n\n\n\n<figure class=\"wp-block-image size-large\"><img loading=\"lazy\" decoding=\"async\" width=\"1024\" height=\"577\" src=\"https:\/\/www.bergheidersee-ferien.de\/wp-content\/uploads\/2023\/05\/Zimmer1klein-1024x577.jpg\" alt=\"\" class=\"wp-image-181\" srcset=\"https:\/\/www.bergheidersee-ferien.de\/wp-content\/uploads\/2023\/05\/Zimmer1klein-1024x577.jpg 1024w, https:\/\/www.bergheidersee-ferien.de\/wp-content\/uploads\/2023\/05\/Zimmer1klein-300x169.jpg 300w, https:\/\/www.bergheidersee-ferien.de\/wp-content\/uploads\/2023\/05\/Zimmer1klein-768x433.jpg 768w, https:\/\/www.bergheidersee-ferien.de\/wp-content\/uploads\/2023\/05\/Zimmer1klein-1536x866.jpg 1536w, https:\/\/www.bergheidersee-ferien.de\/wp-content\/uploads\/2023\/05\/Zimmer1klein-2048x1155.jpg 2048w\" sizes=\"auto, (max-width: 767px) 89vw, (max-width: 1000px) 54vw, (max-width: 1071px) 543px, 580px\" \/><\/figure>\n\n\n\n<p>In dem gem\u00fctlichen 2. Schlafzimmer gibt es ein Bett zum Ausziehen mit einem hochwertigen Lattenrost. Auch hier gibt es einen direkten Seeblick und M\u00fcckenschutzgitter vor dem Fenster. Ein Kleiderschrank und ein Regal sorgen daf\u00fcr, dass alle Dinge gut verstaut werden k\u00f6nnen.<\/p>\n\n\n\n<figure class=\"wp-block-image size-large\"><img loading=\"lazy\" decoding=\"async\" width=\"576\" height=\"1024\" src=\"https:\/\/www.bergheidersee-ferien.de\/wp-content\/uploads\/2023\/05\/Zimmer1kleinSchraenkchen-576x1024.jpg\" alt=\"\" class=\"wp-image-182\" srcset=\"https:\/\/www.bergheidersee-ferien.de\/wp-content\/uploads\/2023\/05\/Zimmer1kleinSchraenkchen-576x1024.jpg 576w, https:\/\/www.bergheidersee-ferien.de\/wp-content\/uploads\/2023\/05\/Zimmer1kleinSchraenkchen-169x300.jpg 169w, https:\/\/www.bergheidersee-ferien.de\/wp-content\/uploads\/2023\/05\/Zimmer1kleinSchraenkchen-768x1365.jpg 768w, https:\/\/www.bergheidersee-ferien.de\/wp-content\/uploads\/2023\/05\/Zimmer1kleinSchraenkchen-864x1536.jpg 864w, https:\/\/www.bergheidersee-ferien.de\/wp-content\/uploads\/2023\/05\/Zimmer1kleinSchraenkchen.jpg 1125w\" sizes=\"auto, (max-width: 576px) 100vw, 576px\" \/><\/figure>\n","protected":false},"excerpt":{"rendered":"<p>Das Ferienhaus bietet zwei Schlafzimmer. Schlafzimmer 1: Das Doppelbett ist mit bequemen Matratzen und gro\u00dfen Kopfkissen ausgestattet, um sicherzustellen, dass Sie eine erholsame Nacht haben werden. Alle Fenster sind mit einem M\u00fcckenschutzgitter ausgestattet, so dass Sie nachts mit offenem Fenster schlafen k\u00f6nnen, ohne Insekten ins Zimmer zu locken. Ein ger\u00e4umiges Regal steht bereit, um Ihre &hellip; <\/p>\n<p class=\"link-more\"><a href=\"https:\/\/www.bergheidersee-ferien.de\/index.php\/ein-homepage-abschnitt\/\" class=\"more-link\"><span class=\"screen-reader-text\">\u201eDas Ferienhaus &#8211; Die Schlafzimmer\u201c<\/span> weiterlesen<\/a><\/p>\n","protected":false},"author":2,"featured_media":91,"parent":0,"menu_order":0,"comment_status":"closed","ping_status":"closed","template":"","meta":{"footnotes":""},"class_list":["post-22","page","type-page","status-publish","has-post-thumbnail","hentry"],"_links":{"self":[{"href":"https:\/\/www.bergheidersee-ferien.de\/index.php\/wp-json\/wp\/v2\/pages\/22","targetHints":{"allow":["GET"]}}],"collection":[{"href":"https:\/\/www.bergheidersee-ferien.de\/index.php\/wp-json\/wp\/v2\/pages"}],"about":[{"href":"https:\/\/www.bergheidersee-ferien.de\/index.php\/wp-json\/wp\/v2\/types\/page"}],"author":[{"embeddable":true,"href":"https:\/\/www.bergheidersee-ferien.de\/index.php\/wp-json\/wp\/v2\/users\/2"}],"replies":[{"embeddable":true,"href":"https:\/\/www.bergheidersee-ferien.de\/index.php\/wp-json\/wp\/v2\/comments?post=22"}],"version-history":[{"count":13,"href":"https:\/\/www.bergheidersee-ferien.de\/index.php\/wp-json\/wp\/v2\/pages\/22\/revisions"}],"predecessor-version":[{"id":272,"href":"https:\/\/www.bergheidersee-ferien.de\/index.php\/wp-json\/wp\/v2\/pages\/22\/revisions\/272"}],"wp:featuredmedia":[{"embeddable":true,"href":"https:\/\/www.bergheidersee-ferien.de\/index.php\/wp-json\/wp\/v2\/media\/91"}],"wp:attachment":[{"href":"https:\/\/www.bergheidersee-ferien.de\/index.php\/wp-json\/wp\/v2\/media?parent=22"}],"curies":[{"name":"wp","href":"https:\/\/api.w.org\/{rel}","templated":true}]}}